{"id":655,"date":"2022-05-27T17:24:54","date_gmt":"2022-05-27T15:24:54","guid":{"rendered":"https:\/\/www.df.unipi.it\/didattica\/?page_id=655"},"modified":"2025-06-30T13:36:25","modified_gmt":"2025-06-30T11:36:25","slug":"perche-e-come-iscriversi-universita-fisica-laurea","status":"publish","type":"page","link":"https:\/\/www.df.unipi.it\/didattica\/laurea-triennale\/perche-e-come-iscriversi-universita-fisica-laurea\/","title":{"rendered":"Perch\u00e9 e come iscriversi"},"content":{"rendered":"\n<h2 class=\"wp-block-heading mb-4\">Perch\u00e9 iscriversi<\/h2>\n\n\n\n<div class=\"wp-block-group toslider swiper mb-4\"><div class=\"wp-block-group__inner-container is-layout-flow wp-block-group-is-layout-flow\">\n<div class=\"wp-block-group swiper-slide px-4 py-3 has-white-color has-text-color has-background\" style=\"background-color:#036d19\"><div class=\"wp-block-group__inner-container is-layout-flow wp-block-group-is-layout-flow\">\n<p class=\"mb-0 d-flex align-items-center justify-content-center\"><span class=\"fas fa-user-graduate fa-3x fa-fw mr-3\" aria-hidden=\"true\"><\/span> <em>Comprenderai il <strong>metodo scientifico<\/strong> e acquisirai la capacit\u00e0 di applicarlo nel mondo del lavoro<\/em><\/p>\n<\/div><\/div>\n\n\n\n<div class=\"wp-block-group swiper-slide px-4 py-3 has-white-color has-text-color has-background\" style=\"background-color:#036d19\"><div class=\"wp-block-group__inner-container is-layout-flow wp-block-group-is-layout-flow\">\n<p class=\"mb-0 d-flex align-items-center justify-content-center\"><span class=\"fas fa-microchip fa-3x fa-fw mr-3\" aria-hidden=\"true\"><\/span><em> Acquisirai la capacit\u00e0 di impiegare <strong>strumentazione e tecnologie avanzate<\/strong><\/em><\/p>\n<\/div><\/div>\n\n\n\n<div class=\"wp-block-group swiper-slide px-4 py-3 has-white-color has-text-color has-background\" style=\"background-color:#036d19\"><div class=\"wp-block-group__inner-container is-layout-flow wp-block-group-is-layout-flow\">\n<p class=\"mb-0 d-flex align-items-center justify-content-center\"><span class=\"fas fa-chart-line fa-3x fa-fw mr-3\" aria-hidden=\"true\"><\/span> <em>Conseguirai padronanza di <strong>modellizzazione e analisi<\/strong> dei sistemi fisici e dei dati<\/em><\/p>\n<\/div><\/div>\n\n\n\n<div class=\"wp-block-group swiper-slide px-4 py-3 has-white-color has-text-color has-background\" style=\"background-color:#036d19\"><div class=\"wp-block-group__inner-container is-layout-flow wp-block-group-is-layout-flow\">\n<p class=\"mb-0 d-flex align-items-center justify-content-center\"><span class=\"fas fa-laptop fa-3x fa-fw mr-3\" aria-hidden=\"true\"><\/span> <em>Acquisirai esperienza nei <strong>metodi matematici, informatici e di calcolo<\/strong><\/em><\/p>\n<\/div><\/div>\n\n\n\n<div class=\"wp-block-group swiper-slide px-4 py-3 has-white-color has-text-color has-background\" style=\"background-color:#036d19\"><div class=\"wp-block-group__inner-container is-layout-flow wp-block-group-is-layout-flow\">\n<p class=\"mb-0 d-flex align-items-center justify-content-center\"><span class=\"fas fa-search fa-3x fa-fw mr-3\" aria-hidden=\"true\"><\/span> <em>Ti approccerai alle moderne <strong>sfide scientifiche<\/strong> e alla <strong>ricerca<\/strong> pi\u00f9 attuale<\/em><\/p>\n<\/div><\/div>\n\n\n\n<div class=\"wp-block-group swiper-slide px-4 py-3 has-white-color has-text-color has-background\" style=\"background-color:#036d19\"><div class=\"wp-block-group__inner-container is-layout-flow wp-block-group-is-layout-flow\">\n<p class=\"mb-0 d-flex align-items-center justify-content-center\"><span class=\"fas fa-users fa-3x fa-fw mr-3\" aria-hidden=\"true\"><\/span> <em>Acquisirai competenze di <strong>problem solving<\/strong> e abilit\u00e0 nel lavorare in <strong>team<\/strong> in modo organizzato ed efficace<\/em><\/p>\n<\/div><\/div>\n<\/div><\/div>\n\n\n\n<h2 class=\"wp-block-heading\">Come iscriversi<\/h2>\n\n\n\n<p>Il Corso di Laurea Triennale in Fisica \u00e8 ad <strong>accesso libero<\/strong>, ma per iscriverti senza debiti formativi\u00a0\u00e8 necessario superare un test di valutazione delle conoscenze iniziali: <a href=\"https:\/\/www.cisiaonline.it\/area-tematica-tolc-cisia\/cose-il-tolc\/\" target=\"_blank\" rel=\"noreferrer noopener\">TOLC-S (Test OnLine CISIA di Scienze)<\/a>. Per maggiori dettagli consultare la pagina <a href=\"https:\/\/www.df.unipi.it\/didattica\/laurea-triennale\/requisiti-di-ammissione\/\">Test di valutazione iniziale<\/a>.<\/p>\n\n\n\n<p>Per i dettagli sulla procedura di iscrizione al Corso di Laurea, consulta la pagina <a href=\"https:\/\/matricolandosi.unipi.it\/immatricolazioni\/fisica\/\" target=\"_blank\" rel=\"noreferrer noopener\">Matricolandosi &#8211; Fisica<\/a> sul sito <a href=\"https:\/\/matricolandosi.unipi.it\/\" target=\"_blank\" rel=\"noreferrer noopener\">https:\/\/matricolandosi.unipi.it\/<\/a>.&nbsp;<\/p>\n\n\n\n<div class=\"wp-block-group is-content-justification-center is-nowrap is-layout-flex wp-container-core-group-is-layout-94bc23d7 wp-block-group-is-layout-flex\">\n<div class=\"wp-block-columns is-layout-flex wp-container-core-columns-is-layout-9d6595d7 wp-block-columns-is-layout-flex\">\n<div class=\"wp-block-column is-layout-flow wp-block-column-is-layout-flow\" style=\"flex-basis:100%\">\n<figure class=\"wp-block-image size-full is-style-columns\"><a href=\"https:\/\/www.unipi.it\/index.php\/welcome-and-support\/item\/3423-wis\"><img loading=\"lazy\" decoding=\"async\" width=\"185\" height=\"169\" src=\"https:\/\/www.df.unipi.it\/didattica\/wp-content\/uploads\/sites\/3\/2023\/04\/WIS.png\" alt=\"\" class=\"wp-image-2344\" \/><\/a><\/figure>\n<\/div>\n<\/div>\n\n\n\n<figure class=\"wp-block-image size-full\"><a href=\"https:\/\/www.df.unipi.it\/didattica\/wp-content\/uploads\/sites\/3\/2023\/04\/International-Student-Guide.pdf\"><img loading=\"lazy\" decoding=\"async\" width=\"196\" height=\"130\" src=\"https:\/\/www.df.unipi.it\/didattica\/wp-content\/uploads\/sites\/3\/2023\/04\/IntlStudentsGuide.jpg\" alt=\"\" class=\"wp-image-2347\" \/><\/a><\/figure>\n<\/div>\n\n\n\n<p><\/p>\n","protected":false},"excerpt":{"rendered":"<p>Perch\u00e9 iscriversi Comprenderai il metodo scientifico e acquisirai la capacit\u00e0 di applicarlo nel mondo del lavoro Acquisirai la capacit\u00e0 di&hellip;<\/p>\n<p><a class=\"btn btn-dark btn-sm unipi-read-more-link\" href=\"https:\/\/www.df.unipi.it\/didattica\/laurea-triennale\/perche-e-come-iscriversi-universita-fisica-laurea\/\">Leggi tutto&#8230;<\/a><\/p>\n","protected":false},"author":1,"featured_media":0,"parent":650,"menu_order":4,"comment_status":"closed","ping_status":"closed","template":"","meta":{"_acf_changed":false,"footnotes":""},"class_list":["post-655","page","type-page","status-publish","hentry"],"acf":[],"jetpack_sharing_enabled":true,"publishpress_future_action":{"enabled":false,"date":"2026-04-22 13:52:04","action":"change-status","newStatus":"draft","terms":[],"taxonomy":"translation_priority","extraData":[]},"publishpress_future_workflow_manual_trigger":{"enabledWorkflows":[]},"_links":{"self":[{"href":"https:\/\/www.df.unipi.it\/didattica\/wp-json\/wp\/v2\/pages\/655","targetHints":{"allow":["GET"]}}],"collection":[{"href":"https:\/\/www.df.unipi.it\/didattica\/wp-json\/wp\/v2\/pages"}],"about":[{"href":"https:\/\/www.df.unipi.it\/didattica\/wp-json\/wp\/v2\/types\/page"}],"author":[{"embeddable":true,"href":"https:\/\/www.df.unipi.it\/didattica\/wp-json\/wp\/v2\/users\/1"}],"replies":[{"embeddable":true,"href":"https:\/\/www.df.unipi.it\/didattica\/wp-json\/wp\/v2\/comments?post=655"}],"version-history":[{"count":35,"href":"https:\/\/www.df.unipi.it\/didattica\/wp-json\/wp\/v2\/pages\/655\/revisions"}],"predecessor-version":[{"id":5878,"href":"https:\/\/www.df.unipi.it\/didattica\/wp-json\/wp\/v2\/pages\/655\/revisions\/5878"}],"up":[{"embeddable":true,"href":"https:\/\/www.df.unipi.it\/didattica\/wp-json\/wp\/v2\/pages\/650"}],"wp:attachment":[{"href":"https:\/\/www.df.unipi.it\/didattica\/wp-json\/wp\/v2\/media?parent=655"}],"curies":[{"name":"wp","href":"https:\/\/api.w.org\/{rel}","templated":true}]}}